{"id":4780,"date":"2019-05-17T13:16:31","date_gmt":"2019-05-17T11:16:31","guid":{"rendered":"https:\/\/www.coralegnami.it\/prodotto\/wenge-millerighe-3q\/"},"modified":"2026-03-13T12:29:32","modified_gmt":"2026-03-13T11:29:32","slug":"wenge-quartercut-3q","status":"publish","type":"product","link":"https:\/\/www.coralegnami.it\/fr\/prodotto\/wenge-quartercut-3q\/","title":{"rendered":"WENGE\u2019 QUARTERCUT 3Q"},"content":{"rendered":"<p><strong><span class=\"nero12\">ART. 60 910 11<\/span><\/strong><\/p>\n<p><strong>\u00a0<\/strong><\/p>\n<p><strong>CARATTERISTICHE<\/strong><\/p>\n<p>Il marrone si presenta in una sinfonia di tonalit\u00e0 diverse dando volume e grazia alla semplicit\u00e0. Una durezza che cela in realt\u00e0 un legno essenziale ed entusiasmante per la versatilit\u00e0 e le possibilit\u00e0 di combinazioni che offre, da noi presentato nelle sue forme pi\u00f9 interessanti.<\/p>\n<p><strong><span class=\"nero12\"><span class=\"nero12\"><span class=\"nero9 nero9\">Foto\u00a0e colori dei campioni sono a titolo indicativo. <\/span><\/span><\/span><\/strong><\/p>\n<p><strong><span class=\"nero12\"><span class=\"nero12\"><span class=\"nero9 nero9\"><a href=\"mailto:tranciati@coralegnami.it\">Richiedi\u00a0campione originale.<\/a><br \/>\n<\/span><\/span><\/span><\/strong><\/p>\n<p><strong>DIMENSIONI<\/strong><\/p>\n<p>Spessore (mm) x Larghezza (mm) x Lunghezza (mm)<\/p>\n<p><em>Tipologia:<\/em> millerighe<\/p>\n<p>0.6 x 2500 x 630<\/p>\n<p>0.6 x\u00a03<\/p>\n","protected":false},"excerpt":{"rendered":"<p>ART. 60 910 11 \u00a0 CARATTERISTICHE Il marrone si presenta in una sinfonia di tonalit\u00e0 diverse dando volume e grazia alla semplicit\u00e0. Una durezza che cela in realt\u00e0 un legno<\/p>\n","protected":false},"featured_media":4781,"template":"","meta":{"_acf_changed":false},"product_cat":[115],"product_tag":[],"sectors":[105,112],"class_list":{"0":"post-4780","1":"product","2":"type-product","3":"status-publish","4":"has-post-thumbnail","6":"product_cat-cora-tranciati-fr","7":"sectors-arredo","8":"sectors-nautica","10":"first","11":"instock","12":"shipping-taxable","13":"product-type-simple"},"acf":[],"yoast_head":"<!-- This site is optimized with the Yoast SEO plugin v24.0 - https:\/\/yoast.com\/wordpress\/plugins\/seo\/ -->\n<title>WENGE\u2019 QUARTERCUT 3Q - Cor\u00e0 Domenico &amp; Figli<\/title>\n<meta name=\"robots\" content=\"index, follow, max-snippet:-1, max-image-preview:large, max-video-preview:-1\" \/>\n<link rel=\"canonical\" href=\"https:\/\/www.coralegnami.it\/fr\/prodotto\/wenge-quartercut-3q\/\" \/>\n<meta property=\"og:locale\" content=\"fr_FR\" \/>\n<meta property=\"og:type\" content=\"article\" \/>\n<meta property=\"og:title\" content=\"WENGE\u2019 QUARTERCUT 3Q - Cor\u00e0 Domenico &amp; Figli\" \/>\n<meta property=\"og:description\" content=\"ART. 60 910 11 \u00a0 CARATTERISTICHE Il marrone si presenta in una sinfonia di tonalit\u00e0 diverse dando volume e grazia alla semplicit\u00e0. Una durezza che cela in realt\u00e0 un legno\" \/>\n<meta property=\"og:url\" content=\"https:\/\/www.coralegnami.it\/fr\/prodotto\/wenge-quartercut-3q\/\" \/>\n<meta property=\"og:site_name\" content=\"Cor\u00e0 Domenico &amp; Figli\" \/>\n<meta property=\"article:modified_time\" content=\"2026-03-13T11:29:32+00:00\" \/>\n<meta property=\"og:image\" content=\"https:\/\/www.coralegnami.it\/wp-content\/uploads\/2019\/05\/WENGE20MILLERIGHE203Q.jpg\" \/>\n\t<meta property=\"og:image:width\" content=\"409\" \/>\n\t<meta property=\"og:image:height\" content=\"500\" \/>\n\t<meta property=\"og:image:type\" content=\"image\/jpeg\" \/>\n<meta name=\"twitter:card\" content=\"summary_large_image\" \/>\n<script type=\"application\/ld+json\" class=\"yoast-schema-graph\">{\"@context\":\"https:\/\/schema.org\",\"@graph\":[{\"@type\":\"WebPage\",\"@id\":\"https:\/\/www.coralegnami.it\/fr\/prodotto\/wenge-quartercut-3q\/\",\"url\":\"https:\/\/www.coralegnami.it\/fr\/prodotto\/wenge-quartercut-3q\/\",\"name\":\"WENGE\u2019 QUARTERCUT 3Q - Cor\u00e0 Domenico &amp; Figli\",\"isPartOf\":{\"@id\":\"https:\/\/www.coralegnami.it\/#website\"},\"primaryImageOfPage\":{\"@id\":\"https:\/\/www.coralegnami.it\/fr\/prodotto\/wenge-quartercut-3q\/#primaryimage\"},\"image\":{\"@id\":\"https:\/\/www.coralegnami.it\/fr\/prodotto\/wenge-quartercut-3q\/#primaryimage\"},\"thumbnailUrl\":\"https:\/\/www.coralegnami.it\/wp-content\/uploads\/2019\/05\/WENGE20MILLERIGHE203Q.jpg\",\"datePublished\":\"2019-05-17T11:16:31+00:00\",\"dateModified\":\"2026-03-13T11:29:32+00:00\",\"breadcrumb\":{\"@id\":\"https:\/\/www.coralegnami.it\/fr\/prodotto\/wenge-quartercut-3q\/#breadcrumb\"},\"inLanguage\":\"fr-FR\",\"potentialAction\":[{\"@type\":\"ReadAction\",\"target\":[\"https:\/\/www.coralegnami.it\/fr\/prodotto\/wenge-quartercut-3q\/\"]}]},{\"@type\":\"ImageObject\",\"inLanguage\":\"fr-FR\",\"@id\":\"https:\/\/www.coralegnami.it\/fr\/prodotto\/wenge-quartercut-3q\/#primaryimage\",\"url\":\"https:\/\/www.coralegnami.it\/wp-content\/uploads\/2019\/05\/WENGE20MILLERIGHE203Q.jpg\",\"contentUrl\":\"https:\/\/www.coralegnami.it\/wp-content\/uploads\/2019\/05\/WENGE20MILLERIGHE203Q.jpg\",\"width\":409,\"height\":500},{\"@type\":\"BreadcrumbList\",\"@id\":\"https:\/\/www.coralegnami.it\/fr\/prodotto\/wenge-quartercut-3q\/#breadcrumb\",\"itemListElement\":[{\"@type\":\"ListItem\",\"position\":1,\"name\":\"Home\",\"item\":\"https:\/\/www.coralegnami.it\/fr\/\"},{\"@type\":\"ListItem\",\"position\":2,\"name\":\"Produits\",\"item\":\"https:\/\/www.coralegnami.it\/fr\/produits\/\"},{\"@type\":\"ListItem\",\"position\":3,\"name\":\"WENGE\u2019 QUARTERCUT 3Q\"}]},{\"@type\":\"WebSite\",\"@id\":\"https:\/\/www.coralegnami.it\/#website\",\"url\":\"https:\/\/www.coralegnami.it\/\",\"name\":\"Cor\u00e0 Domenico &amp; Figli\",\"description\":\"Un nuovo sito targato WordPress\",\"potentialAction\":[{\"@type\":\"SearchAction\",\"target\":{\"@type\":\"EntryPoint\",\"urlTemplate\":\"https:\/\/www.coralegnami.it\/?s={search_term_string}\"},\"query-input\":{\"@type\":\"PropertyValueSpecification\",\"valueRequired\":true,\"valueName\":\"search_term_string\"}}],\"inLanguage\":\"fr-FR\"}]}<\/script>\n<!-- \/ Yoast SEO plugin. -->","yoast_head_json":{"title":"WENGE\u2019 QUARTERCUT 3Q - Cor\u00e0 Domenico &amp; Figli","robots":{"index":"index","follow":"follow","max-snippet":"max-snippet:-1","max-image-preview":"max-image-preview:large","max-video-preview":"max-video-preview:-1"},"canonical":"https:\/\/www.coralegnami.it\/fr\/prodotto\/wenge-quartercut-3q\/","og_locale":"fr_FR","og_type":"article","og_title":"WENGE\u2019 QUARTERCUT 3Q - Cor\u00e0 Domenico &amp; Figli","og_description":"ART. 60 910 11 \u00a0 CARATTERISTICHE Il marrone si presenta in una sinfonia di tonalit\u00e0 diverse dando volume e grazia alla semplicit\u00e0. Una durezza che cela in realt\u00e0 un legno","og_url":"https:\/\/www.coralegnami.it\/fr\/prodotto\/wenge-quartercut-3q\/","og_site_name":"Cor\u00e0 Domenico &amp; Figli","article_modified_time":"2026-03-13T11:29:32+00:00","og_image":[{"width":409,"height":500,"url":"https:\/\/www.coralegnami.it\/wp-content\/uploads\/2019\/05\/WENGE20MILLERIGHE203Q.jpg","type":"image\/jpeg"}],"twitter_card":"summary_large_image","schema":{"@context":"https:\/\/schema.org","@graph":[{"@type":"WebPage","@id":"https:\/\/www.coralegnami.it\/fr\/prodotto\/wenge-quartercut-3q\/","url":"https:\/\/www.coralegnami.it\/fr\/prodotto\/wenge-quartercut-3q\/","name":"WENGE\u2019 QUARTERCUT 3Q - Cor\u00e0 Domenico &amp; Figli","isPartOf":{"@id":"https:\/\/www.coralegnami.it\/#website"},"primaryImageOfPage":{"@id":"https:\/\/www.coralegnami.it\/fr\/prodotto\/wenge-quartercut-3q\/#primaryimage"},"image":{"@id":"https:\/\/www.coralegnami.it\/fr\/prodotto\/wenge-quartercut-3q\/#primaryimage"},"thumbnailUrl":"https:\/\/www.coralegnami.it\/wp-content\/uploads\/2019\/05\/WENGE20MILLERIGHE203Q.jpg","datePublished":"2019-05-17T11:16:31+00:00","dateModified":"2026-03-13T11:29:32+00:00","breadcrumb":{"@id":"https:\/\/www.coralegnami.it\/fr\/prodotto\/wenge-quartercut-3q\/#breadcrumb"},"inLanguage":"fr-FR","potentialAction":[{"@type":"ReadAction","target":["https:\/\/www.coralegnami.it\/fr\/prodotto\/wenge-quartercut-3q\/"]}]},{"@type":"ImageObject","inLanguage":"fr-FR","@id":"https:\/\/www.coralegnami.it\/fr\/prodotto\/wenge-quartercut-3q\/#primaryimage","url":"https:\/\/www.coralegnami.it\/wp-content\/uploads\/2019\/05\/WENGE20MILLERIGHE203Q.jpg","contentUrl":"https:\/\/www.coralegnami.it\/wp-content\/uploads\/2019\/05\/WENGE20MILLERIGHE203Q.jpg","width":409,"height":500},{"@type":"BreadcrumbList","@id":"https:\/\/www.coralegnami.it\/fr\/prodotto\/wenge-quartercut-3q\/#breadcrumb","itemListElement":[{"@type":"ListItem","position":1,"name":"Home","item":"https:\/\/www.coralegnami.it\/fr\/"},{"@type":"ListItem","position":2,"name":"Produits","item":"https:\/\/www.coralegnami.it\/fr\/produits\/"},{"@type":"ListItem","position":3,"name":"WENGE\u2019 QUARTERCUT 3Q"}]},{"@type":"WebSite","@id":"https:\/\/www.coralegnami.it\/#website","url":"https:\/\/www.coralegnami.it\/","name":"Cor\u00e0 Domenico &amp; Figli","description":"Un nuovo sito targato WordPress","potentialAction":[{"@type":"SearchAction","target":{"@type":"EntryPoint","urlTemplate":"https:\/\/www.coralegnami.it\/?s={search_term_string}"},"query-input":{"@type":"PropertyValueSpecification","valueRequired":true,"valueName":"search_term_string"}}],"inLanguage":"fr-FR"}]}},"_links":{"self":[{"href":"https:\/\/www.coralegnami.it\/fr\/wp-json\/wp\/v2\/product\/4780","targetHints":{"allow":["GET"]}}],"collection":[{"href":"https:\/\/www.coralegnami.it\/fr\/wp-json\/wp\/v2\/product"}],"about":[{"href":"https:\/\/www.coralegnami.it\/fr\/wp-json\/wp\/v2\/types\/product"}],"wp:featuredmedia":[{"embeddable":true,"href":"https:\/\/www.coralegnami.it\/fr\/wp-json\/wp\/v2\/media\/4781"}],"wp:attachment":[{"href":"https:\/\/www.coralegnami.it\/fr\/wp-json\/wp\/v2\/media?parent=4780"}],"wp:term":[{"taxonomy":"product_cat","embeddable":true,"href":"https:\/\/www.coralegnami.it\/fr\/wp-json\/wp\/v2\/product_cat?post=4780"},{"taxonomy":"product_tag","embeddable":true,"href":"https:\/\/www.coralegnami.it\/fr\/wp-json\/wp\/v2\/product_tag?post=4780"},{"taxonomy":"sectors","embeddable":true,"href":"https:\/\/www.coralegnami.it\/fr\/wp-json\/wp\/v2\/sectors?post=4780"}],"curies":[{"name":"wp","href":"https:\/\/api.w.org\/{rel}","templated":true}]}}

<p><strong><span class="nero12">ART. 60 910 11</span></strong></p>
<p><strong> </strong></p>
<p><strong>CARATTERISTICHE</strong></p>
<p>Il marrone si presenta in una sinfonia di tonalità diverse dando volume e grazia alla semplicità. Una durezza che cela in realtà un legno essenziale ed entusiasmante per la versatilità e le possibilità di combinazioni che offre, da noi presentato nelle sue forme più interessanti.</p>
<p><strong><span class="nero12"><span class="nero12"><span class="nero9 nero9">Foto e colori dei campioni sono a titolo indicativo. </span></span></span></strong></p>
<p><strong><span class="nero12"><span class="nero12"><span class="nero9 nero9"><a href="mailto:tranciati@coralegnami.it">Richiedi campione originale.</a><br />
</span></span></span></strong></p>
<p><strong>DIMENSIONI</strong></p>
<p>Spessore (mm) x Larghezza (mm) x Lunghezza (mm)</p>
<p><em>Tipologia:</em> millerighe</p>
<p>0.6 x 2500 x 630</p>
<p>0.6 x 3</p>

<p>ART. 60 910 11   CARATTERISTICHE Il marrone si presenta in una sinfonia di tonalità diverse dando volume e grazia alla semplicità. Una durezza che cela in realtà un legno</p>

<!-- This site is optimized with the Yoast SEO plugin v24.0 - https://yoast.com/wordpress/plugins/seo/ -->
<title>WENGE’ QUARTERCUT 3Q - Corà Domenico &amp; Figli</title>
<meta name="robots" content="index, follow, max-snippet:-1, max-image-preview:large, max-video-preview:-1" />
<link rel="canonical" href="https://www.coralegnami.it/fr/prodotto/wenge-quartercut-3q/" />
<meta property="og:locale" content="fr_FR" />
<meta property="og:type" content="article" />
<meta property="og:title" content="WENGE’ QUARTERCUT 3Q - Corà Domenico &amp; Figli" />
<meta property="og:description" content="ART. 60 910 11   CARATTERISTICHE Il marrone si presenta in una sinfonia di tonalità diverse dando volume e grazia alla semplicità. Una durezza che cela in realtà un legno" />
<meta property="og:url" content="https://www.coralegnami.it/fr/prodotto/wenge-quartercut-3q/" />
<meta property="og:site_name" content="Corà Domenico &amp; Figli" />
<meta property="article:modified_time" content="2026-03-13T11:29:32+00:00" />
<meta property="og:image" content="https://www.coralegnami.it/wp-content/uploads/2019/05/WENGE20MILLERIGHE203Q.jpg" />
	<meta property="og:image:width" content="409" />
	<meta property="og:image:height" content="500" />
	<meta property="og:image:type" content="image/jpeg" />
<meta name="twitter:card" content="summary_large_image" />
<script type="application/ld+json" class="yoast-schema-graph">{"@context":"https://schema.org","@graph":[{"@type":"WebPage","@id":"https://www.coralegnami.it/fr/prodotto/wenge-quartercut-3q/","url":"https://www.coralegnami.it/fr/prodotto/wenge-quartercut-3q/","name":"WENGE’ QUARTERCUT 3Q - Corà Domenico &amp; Figli","isPartOf":{"@id":"https://www.coralegnami.it/#website"},"primaryImageOfPage":{"@id":"https://www.coralegnami.it/fr/prodotto/wenge-quartercut-3q/#primaryimage"},"image":{"@id":"https://www.coralegnami.it/fr/prodotto/wenge-quartercut-3q/#primaryimage"},"thumbnailUrl":"https://www.coralegnami.it/wp-content/uploads/2019/05/WENGE20MILLERIGHE203Q.jpg","datePublished":"2019-05-17T11:16:31+00:00","dateModified":"2026-03-13T11:29:32+00:00","breadcrumb":{"@id":"https://www.coralegnami.it/fr/prodotto/wenge-quartercut-3q/#breadcrumb"},"inLanguage":"fr-FR","potentialAction":[{"@type":"ReadAction","target":["https://www.coralegnami.it/fr/prodotto/wenge-quartercut-3q/"]}]},{"@type":"ImageObject","inLanguage":"fr-FR","@id":"https://www.coralegnami.it/fr/prodotto/wenge-quartercut-3q/#primaryimage","url":"https://www.coralegnami.it/wp-content/uploads/2019/05/WENGE20MILLERIGHE203Q.jpg","contentUrl":"https://www.coralegnami.it/wp-content/uploads/2019/05/WENGE20MILLERIGHE203Q.jpg","width":409,"height":500},{"@type":"BreadcrumbList","@id":"https://www.coralegnami.it/fr/prodotto/wenge-quartercut-3q/#breadcrumb","itemListElement":[{"@type":"ListItem","position":1,"name":"Home","item":"https://www.coralegnami.it/fr/"},{"@type":"ListItem","position":2,"name":"Produits","item":"https://www.coralegnami.it/fr/produits/"},{"@type":"ListItem","position":3,"name":"WENGE’ QUARTERCUT 3Q"}]},{"@type":"WebSite","@id":"https://www.coralegnami.it/#website","url":"https://www.coralegnami.it/","name":"Corà Domenico &amp; Figli","description":"Un nuovo sito targato WordPress","potentialAction":[{"@type":"SearchAction","target":{"@type":"EntryPoint","urlTemplate":"https://www.coralegnami.it/?s={search_term_string}"},"query-input":{"@type":"PropertyValueSpecification","valueRequired":true,"valueName":"search_term_string"}}],"inLanguage":"fr-FR"}]}</script>
<!-- / Yoast SEO plugin. -->

WENGE’ QUARTERCUT 3Q - Corà Domenico &amp; Figli

ART. 60 910 11   CARATTERISTICHE Il marrone si presenta in una sinfonia di tonalità diverse dando volume e grazia alla semplicità. Una durezza che cela in realtà un legno

Corà Domenico &amp; Figli
