{"id":5152,"date":"2019-05-17T13:16:12","date_gmt":"2019-05-17T11:16:12","guid":{"rendered":"https:\/\/www.coralegnami.it\/prodotto\/abete\/"},"modified":"2025-06-25T11:56:16","modified_gmt":"2025-06-25T09:56:16","slug":"abete","status":"publish","type":"product","link":"https:\/\/www.coralegnami.it\/fr\/prodotto\/abete\/","title":{"rendered":"ABETE"},"content":{"rendered":"<p><strong>CARATTERISTICHE<\/strong><\/p>\n<p><strong>Descrizione generale:<\/strong> \u00e8 piuttosto resinoso e biancastro con venature leggermente pi\u00f9 scure; dal colore tenue e leggero,\u00a0presenta\u00a0alburno e durame non differenziati.<strong><br \/>\nImpieghi:<\/strong> falegnameria, travi strutturali\u00a0lamellari e massicce,\u00a0infissi.<\/p>\n<p><strong>Uso:<\/strong> interno\/esterno<\/p>\n<p><strong>DIMENSIONI<\/strong><\/p>\n<p><strong>Tavole U\/S ricavate da Bouls<\/strong><br \/>\nSpessori 52\/65\/78<\/p>\n<p><strong>Tavole U\/S Prismate<br \/>\n<\/strong>20&#215;100<br \/>\n23&#215;125<br \/>\n27&#215;100\/125\/155\/180\/205\/230<br \/>\n33&#215;125\/155\/180\/205\/230<br \/>\n40&#215;155\/180\/205\/230<br \/>\n52\/65\/78&#215;155\/180\/205\/230<\/p>\n<p><strong>Listoni A<\/strong><br \/>\n52<\/p>\n","protected":false},"excerpt":{"rendered":"<p>CARATTERISTICHE Descrizione generale: \u00e8 piuttosto resinoso e biancastro con venature leggermente pi\u00f9 scure; dal colore tenue e leggero,\u00a0presenta\u00a0alburno e durame non differenziati. Impieghi: falegnameria, travi strutturali\u00a0lamellari e massicce,\u00a0infissi. Uso: interno\/esterno<\/p>\n","protected":false},"featured_media":5153,"template":"","meta":{"_acf_changed":false},"product_cat":[122],"product_tag":[],"sectors":[108],"class_list":{"0":"post-5152","1":"product","2":"type-product","3":"status-publish","4":"has-post-thumbnail","6":"product_cat-cora-legnami-fr","7":"sectors-legno-massiccio","9":"first","10":"instock","11":"shipping-taxable","12":"product-type-simple"},"acf":[],"yoast_head":"<!-- This site is optimized with the Yoast SEO plugin v24.0 - https:\/\/yoast.com\/wordpress\/plugins\/seo\/ -->\n<title>ABETE - Cor\u00e0 Domenico &amp; Figli<\/title>\n<meta name=\"robots\" content=\"index, follow, max-snippet:-1, max-image-preview:large, max-video-preview:-1\" \/>\n<link rel=\"canonical\" href=\"https:\/\/www.coralegnami.it\/fr\/prodotto\/abete\/\" \/>\n<meta property=\"og:locale\" content=\"fr_FR\" \/>\n<meta property=\"og:type\" content=\"article\" \/>\n<meta property=\"og:title\" content=\"ABETE - Cor\u00e0 Domenico &amp; Figli\" \/>\n<meta property=\"og:description\" content=\"CARATTERISTICHE Descrizione generale: \u00e8 piuttosto resinoso e biancastro con venature leggermente pi\u00f9 scure; dal colore tenue e leggero,\u00a0presenta\u00a0alburno e durame non differenziati. Impieghi: falegnameria, travi strutturali\u00a0lamellari e massicce,\u00a0infissi. Uso: interno\/esterno\" \/>\n<meta property=\"og:url\" content=\"https:\/\/www.coralegnami.it\/fr\/prodotto\/abete\/\" \/>\n<meta property=\"og:site_name\" content=\"Cor\u00e0 Domenico &amp; Figli\" \/>\n<meta property=\"article:modified_time\" content=\"2025-06-25T09:56:16+00:00\" \/>\n<meta property=\"og:image\" content=\"https:\/\/www.coralegnami.it\/wp-content\/uploads\/2019\/05\/ABETE20SVEZZIA.jpg\" \/>\n\t<meta property=\"og:image:width\" content=\"332\" \/>\n\t<meta property=\"og:image:height\" content=\"500\" \/>\n\t<meta property=\"og:image:type\" content=\"image\/jpeg\" \/>\n<meta name=\"twitter:card\" content=\"summary_large_image\" \/>\n<script type=\"application\/ld+json\" class=\"yoast-schema-graph\">{\"@context\":\"https:\/\/schema.org\",\"@graph\":[{\"@type\":\"WebPage\",\"@id\":\"https:\/\/www.coralegnami.it\/fr\/prodotto\/abete\/\",\"url\":\"https:\/\/www.coralegnami.it\/fr\/prodotto\/abete\/\",\"name\":\"ABETE - Cor\u00e0 Domenico &amp; Figli\",\"isPartOf\":{\"@id\":\"https:\/\/www.coralegnami.it\/#website\"},\"primaryImageOfPage\":{\"@id\":\"https:\/\/www.coralegnami.it\/fr\/prodotto\/abete\/#primaryimage\"},\"image\":{\"@id\":\"https:\/\/www.coralegnami.it\/fr\/prodotto\/abete\/#primaryimage\"},\"thumbnailUrl\":\"https:\/\/www.coralegnami.it\/wp-content\/uploads\/2019\/05\/ABETE20SVEZZIA.jpg\",\"datePublished\":\"2019-05-17T11:16:12+00:00\",\"dateModified\":\"2025-06-25T09:56:16+00:00\",\"breadcrumb\":{\"@id\":\"https:\/\/www.coralegnami.it\/fr\/prodotto\/abete\/#breadcrumb\"},\"inLanguage\":\"fr-FR\",\"potentialAction\":[{\"@type\":\"ReadAction\",\"target\":[\"https:\/\/www.coralegnami.it\/fr\/prodotto\/abete\/\"]}]},{\"@type\":\"ImageObject\",\"inLanguage\":\"fr-FR\",\"@id\":\"https:\/\/www.coralegnami.it\/fr\/prodotto\/abete\/#primaryimage\",\"url\":\"https:\/\/www.coralegnami.it\/wp-content\/uploads\/2019\/05\/ABETE20SVEZZIA.jpg\",\"contentUrl\":\"https:\/\/www.coralegnami.it\/wp-content\/uploads\/2019\/05\/ABETE20SVEZZIA.jpg\",\"width\":332,\"height\":500},{\"@type\":\"BreadcrumbList\",\"@id\":\"https:\/\/www.coralegnami.it\/fr\/prodotto\/abete\/#breadcrumb\",\"itemListElement\":[{\"@type\":\"ListItem\",\"position\":1,\"name\":\"Home\",\"item\":\"https:\/\/www.coralegnami.it\/fr\/\"},{\"@type\":\"ListItem\",\"position\":2,\"name\":\"Produits\",\"item\":\"https:\/\/www.coralegnami.it\/fr\/produits\/\"},{\"@type\":\"ListItem\",\"position\":3,\"name\":\"ABETE\"}]},{\"@type\":\"WebSite\",\"@id\":\"https:\/\/www.coralegnami.it\/#website\",\"url\":\"https:\/\/www.coralegnami.it\/\",\"name\":\"Cor\u00e0 Domenico &amp; Figli\",\"description\":\"Un nuovo sito targato WordPress\",\"potentialAction\":[{\"@type\":\"SearchAction\",\"target\":{\"@type\":\"EntryPoint\",\"urlTemplate\":\"https:\/\/www.coralegnami.it\/?s={search_term_string}\"},\"query-input\":{\"@type\":\"PropertyValueSpecification\",\"valueRequired\":true,\"valueName\":\"search_term_string\"}}],\"inLanguage\":\"fr-FR\"}]}<\/script>\n<!-- \/ Yoast SEO plugin. -->","yoast_head_json":{"title":"ABETE - Cor\u00e0 Domenico &amp; Figli","robots":{"index":"index","follow":"follow","max-snippet":"max-snippet:-1","max-image-preview":"max-image-preview:large","max-video-preview":"max-video-preview:-1"},"canonical":"https:\/\/www.coralegnami.it\/fr\/prodotto\/abete\/","og_locale":"fr_FR","og_type":"article","og_title":"ABETE - Cor\u00e0 Domenico &amp; Figli","og_description":"CARATTERISTICHE Descrizione generale: \u00e8 piuttosto resinoso e biancastro con venature leggermente pi\u00f9 scure; dal colore tenue e leggero,\u00a0presenta\u00a0alburno e durame non differenziati. Impieghi: falegnameria, travi strutturali\u00a0lamellari e massicce,\u00a0infissi. Uso: interno\/esterno","og_url":"https:\/\/www.coralegnami.it\/fr\/prodotto\/abete\/","og_site_name":"Cor\u00e0 Domenico &amp; Figli","article_modified_time":"2025-06-25T09:56:16+00:00","og_image":[{"width":332,"height":500,"url":"https:\/\/www.coralegnami.it\/wp-content\/uploads\/2019\/05\/ABETE20SVEZZIA.jpg","type":"image\/jpeg"}],"twitter_card":"summary_large_image","schema":{"@context":"https:\/\/schema.org","@graph":[{"@type":"WebPage","@id":"https:\/\/www.coralegnami.it\/fr\/prodotto\/abete\/","url":"https:\/\/www.coralegnami.it\/fr\/prodotto\/abete\/","name":"ABETE - Cor\u00e0 Domenico &amp; Figli","isPartOf":{"@id":"https:\/\/www.coralegnami.it\/#website"},"primaryImageOfPage":{"@id":"https:\/\/www.coralegnami.it\/fr\/prodotto\/abete\/#primaryimage"},"image":{"@id":"https:\/\/www.coralegnami.it\/fr\/prodotto\/abete\/#primaryimage"},"thumbnailUrl":"https:\/\/www.coralegnami.it\/wp-content\/uploads\/2019\/05\/ABETE20SVEZZIA.jpg","datePublished":"2019-05-17T11:16:12+00:00","dateModified":"2025-06-25T09:56:16+00:00","breadcrumb":{"@id":"https:\/\/www.coralegnami.it\/fr\/prodotto\/abete\/#breadcrumb"},"inLanguage":"fr-FR","potentialAction":[{"@type":"ReadAction","target":["https:\/\/www.coralegnami.it\/fr\/prodotto\/abete\/"]}]},{"@type":"ImageObject","inLanguage":"fr-FR","@id":"https:\/\/www.coralegnami.it\/fr\/prodotto\/abete\/#primaryimage","url":"https:\/\/www.coralegnami.it\/wp-content\/uploads\/2019\/05\/ABETE20SVEZZIA.jpg","contentUrl":"https:\/\/www.coralegnami.it\/wp-content\/uploads\/2019\/05\/ABETE20SVEZZIA.jpg","width":332,"height":500},{"@type":"BreadcrumbList","@id":"https:\/\/www.coralegnami.it\/fr\/prodotto\/abete\/#breadcrumb","itemListElement":[{"@type":"ListItem","position":1,"name":"Home","item":"https:\/\/www.coralegnami.it\/fr\/"},{"@type":"ListItem","position":2,"name":"Produits","item":"https:\/\/www.coralegnami.it\/fr\/produits\/"},{"@type":"ListItem","position":3,"name":"ABETE"}]},{"@type":"WebSite","@id":"https:\/\/www.coralegnami.it\/#website","url":"https:\/\/www.coralegnami.it\/","name":"Cor\u00e0 Domenico &amp; Figli","description":"Un nuovo sito targato WordPress","potentialAction":[{"@type":"SearchAction","target":{"@type":"EntryPoint","urlTemplate":"https:\/\/www.coralegnami.it\/?s={search_term_string}"},"query-input":{"@type":"PropertyValueSpecification","valueRequired":true,"valueName":"search_term_string"}}],"inLanguage":"fr-FR"}]}},"_links":{"self":[{"href":"https:\/\/www.coralegnami.it\/fr\/wp-json\/wp\/v2\/product\/5152","targetHints":{"allow":["GET"]}}],"collection":[{"href":"https:\/\/www.coralegnami.it\/fr\/wp-json\/wp\/v2\/product"}],"about":[{"href":"https:\/\/www.coralegnami.it\/fr\/wp-json\/wp\/v2\/types\/product"}],"wp:featuredmedia":[{"embeddable":true,"href":"https:\/\/www.coralegnami.it\/fr\/wp-json\/wp\/v2\/media\/5153"}],"wp:attachment":[{"href":"https:\/\/www.coralegnami.it\/fr\/wp-json\/wp\/v2\/media?parent=5152"}],"wp:term":[{"taxonomy":"product_cat","embeddable":true,"href":"https:\/\/www.coralegnami.it\/fr\/wp-json\/wp\/v2\/product_cat?post=5152"},{"taxonomy":"product_tag","embeddable":true,"href":"https:\/\/www.coralegnami.it\/fr\/wp-json\/wp\/v2\/product_tag?post=5152"},{"taxonomy":"sectors","embeddable":true,"href":"https:\/\/www.coralegnami.it\/fr\/wp-json\/wp\/v2\/sectors?post=5152"}],"curies":[{"name":"wp","href":"https:\/\/api.w.org\/{rel}","templated":true}]}}

<p><strong>CARATTERISTICHE</strong></p>
<p><strong>Descrizione generale:</strong> è piuttosto resinoso e biancastro con venature leggermente più scure; dal colore tenue e leggero, presenta alburno e durame non differenziati.<strong><br />
Impieghi:</strong> falegnameria, travi strutturali lamellari e massicce, infissi.</p>
<p><strong>Uso:</strong> interno/esterno</p>
<p><strong>DIMENSIONI</strong></p>
<p><strong>Tavole U/S ricavate da Bouls</strong><br />
Spessori 52/65/78</p>
<p><strong>Tavole U/S Prismate<br />
</strong>20&#215;100<br />
23&#215;125<br />
27&#215;100/125/155/180/205/230<br />
33&#215;125/155/180/205/230<br />
40&#215;155/180/205/230<br />
52/65/78&#215;155/180/205/230</p>
<p><strong>Listoni A</strong><br />
52</p>

<p>CARATTERISTICHE Descrizione generale: è piuttosto resinoso e biancastro con venature leggermente più scure; dal colore tenue e leggero, presenta alburno e durame non differenziati. Impieghi: falegnameria, travi strutturali lamellari e massicce, infissi. Uso: interno/esterno</p>

<!-- This site is optimized with the Yoast SEO plugin v24.0 - https://yoast.com/wordpress/plugins/seo/ -->
<title>ABETE - Corà Domenico &amp; Figli</title>
<meta name="robots" content="index, follow, max-snippet:-1, max-image-preview:large, max-video-preview:-1" />
<link rel="canonical" href="https://www.coralegnami.it/fr/prodotto/abete/" />
<meta property="og:locale" content="fr_FR" />
<meta property="og:type" content="article" />
<meta property="og:title" content="ABETE - Corà Domenico &amp; Figli" />
<meta property="og:description" content="CARATTERISTICHE Descrizione generale: è piuttosto resinoso e biancastro con venature leggermente più scure; dal colore tenue e leggero, presenta alburno e durame non differenziati. Impieghi: falegnameria, travi strutturali lamellari e massicce, infissi. Uso: interno/esterno" />
<meta property="og:url" content="https://www.coralegnami.it/fr/prodotto/abete/" />
<meta property="og:site_name" content="Corà Domenico &amp; Figli" />
<meta property="article:modified_time" content="2025-06-25T09:56:16+00:00" />
<meta property="og:image" content="https://www.coralegnami.it/wp-content/uploads/2019/05/ABETE20SVEZZIA.jpg" />
	<meta property="og:image:width" content="332" />
	<meta property="og:image:height" content="500" />
	<meta property="og:image:type" content="image/jpeg" />
<meta name="twitter:card" content="summary_large_image" />
<script type="application/ld+json" class="yoast-schema-graph">{"@context":"https://schema.org","@graph":[{"@type":"WebPage","@id":"https://www.coralegnami.it/fr/prodotto/abete/","url":"https://www.coralegnami.it/fr/prodotto/abete/","name":"ABETE - Corà Domenico &amp; Figli","isPartOf":{"@id":"https://www.coralegnami.it/#website"},"primaryImageOfPage":{"@id":"https://www.coralegnami.it/fr/prodotto/abete/#primaryimage"},"image":{"@id":"https://www.coralegnami.it/fr/prodotto/abete/#primaryimage"},"thumbnailUrl":"https://www.coralegnami.it/wp-content/uploads/2019/05/ABETE20SVEZZIA.jpg","datePublished":"2019-05-17T11:16:12+00:00","dateModified":"2025-06-25T09:56:16+00:00","breadcrumb":{"@id":"https://www.coralegnami.it/fr/prodotto/abete/#breadcrumb"},"inLanguage":"fr-FR","potentialAction":[{"@type":"ReadAction","target":["https://www.coralegnami.it/fr/prodotto/abete/"]}]},{"@type":"ImageObject","inLanguage":"fr-FR","@id":"https://www.coralegnami.it/fr/prodotto/abete/#primaryimage","url":"https://www.coralegnami.it/wp-content/uploads/2019/05/ABETE20SVEZZIA.jpg","contentUrl":"https://www.coralegnami.it/wp-content/uploads/2019/05/ABETE20SVEZZIA.jpg","width":332,"height":500},{"@type":"BreadcrumbList","@id":"https://www.coralegnami.it/fr/prodotto/abete/#breadcrumb","itemListElement":[{"@type":"ListItem","position":1,"name":"Home","item":"https://www.coralegnami.it/fr/"},{"@type":"ListItem","position":2,"name":"Produits","item":"https://www.coralegnami.it/fr/produits/"},{"@type":"ListItem","position":3,"name":"ABETE"}]},{"@type":"WebSite","@id":"https://www.coralegnami.it/#website","url":"https://www.coralegnami.it/","name":"Corà Domenico &amp; Figli","description":"Un nuovo sito targato WordPress","potentialAction":[{"@type":"SearchAction","target":{"@type":"EntryPoint","urlTemplate":"https://www.coralegnami.it/?s={search_term_string}"},"query-input":{"@type":"PropertyValueSpecification","valueRequired":true,"valueName":"search_term_string"}}],"inLanguage":"fr-FR"}]}</script>
<!-- / Yoast SEO plugin. -->

ABETE - Corà Domenico &amp; Figli

CARATTERISTICHE Descrizione generale: è piuttosto resinoso e biancastro con venature leggermente più scure; dal colore tenue e leggero, presenta alburno e durame non differenziati. Impieghi: falegnameria, travi strutturali lamellari e massicce, infissi. Uso: interno/esterno

Corà Domenico &amp; Figli
